 thousands digit of 80276793?
2
What is the hundreds digit of 45207373?
3
What is the ten thousands digit of 1239224591?
2
What is the hundred millions digit of 775838434?
7
What is the units digit of 887174884?
4
What is the hundred thousands digit of 61380938?
3
What is the millions digit of 4553188599?
3
What is the thousands digit of 109083403?
3
What is the units digit of 748909181?
1
What is the tens digit of 28281611?
1
What is the thousands digit of 6879959639?
9
What is the ten thousands digit of 31927559?
2
What is the hundreds digit of 287106995?
9
What is the millions digit of 76499997?
6
What is the ten millions digit of 346487901?
4
What is the tens digit of 41172185?
8
What is the tens digit of 2045528094?
9
What is the units digit of 895790044?
4
What is the hundred millions digit of 138458724?
1
What is the millions digit of 483559870?
3
What is the tens digit of 78667309?
0
What is the units digit of 647447517?
7
What is the hundred thousands digit of 52512687?
5
What is the millions digit of 807702072?
7
What is the tens digit of 278110865?
6
What is the thousands digit of 412299492?
9
What is the tens digit of 1913378662?
6
What is the hundred thousands digit of 6779673403?
6
What is the tens digit of 73297713?
1
What is the millions digit of 263815662?
3
What is the hundreds digit of 56835062?
0
What is the millions digit of 34289354?
4
What is the ten thousands digit of 858125906?
2
What is the tens digit of 332667097?
9
What is the ten thousands digit of 120386936?
8
What is the tens digit of 670730948?
4
What is the millions digit of 1079243606?
9
What is the units digit of 748668673?
3
What is the hundreds digit of 7112365938?
9
What is the millions digit of 3162531369?
2
What is the units digit of 24755173?
3
What is the hundred thousands digit of 2301614190?
6
What is the ten thousands digit of 1085329851?
2
What is the units digit of 2289289308?
8
What is the ten millions digit of 50168916?
5
What is the ten millions digit of 23787249?
2
What is the hundred thousands digit of 6440676?
4
What is the units digit of 119777295?
5
What is the ten thousands digit of 4503690?
0
What is the tens digit of 4068706?
0
What is the millions digit of 210350763?
0
What is the ten millions digit of 24037951?
2
What is the hundred thousands digit of 70103405?
1
What is the ten millions digit of 1087867476?
8
What is the hundred thousands digit of 532650411?
6
What is the thousands digit of 73363970?
3
What is the units digit of 2196912388?
8
What is the hundred millions digit of 7284171018?
2
What is the hundred millions digit of 204037158?
2
What is the millions digit of 1247336484?
7
What is the hundreds digit of 3400722090?
0
What is the hundred thousands digit of 168659367?
6
What is the tens digit of 5352510494?
9
What is the hundred millions digit of 226915855?
2
What is the ten millions digit of 60180263?
6
What is the tens digit of 32915293?
9
What is the ten millions digit of 15148778?
1
What is the tens digit of 1251936962?
6
What is the units digit of 1153766623?
3
What is the hundreds digit of 977619507?
5
What is the units digit of 19166490?
0
What is the ten millions digit of 265510565?
6
What is the ten millions digit of 608761324?
0
What is the ten millions digit of 1494314841?
9
What is the hundred thousands digit of 80250279?
2
What is the hundreds digit of 56810549?
5
What is the millions digit of 9262221?
9
What is the ten thousands digit of 9512986?
1
What is the thousands digit of 300660911?
0
What is the ten millions digit of 7896040625?
9
What is the hundred millions digit of 404654669?
4
What is the ten millions digit of 60981546?
6
What is the hundred thousands digit of 379681317?
6
What is the millions digit of 36507125?
6
What is the hundred thousands digit of 9943860?
9
What is the hundreds digit of 420775595?
5
What is the hundreds digit of 156370054?
0
What is the ten thousands digit of 75348843?
4
What is the hundred millions digit of 1917903317?
9
What is the tens digit of 26989048?
4
What is the units digit of 714804252?
2
What is the hundred thousands digit of 72199865?
1
What is the hundreds digit of 375299689?
6
What is the ten thousands digit of 122383939?
8
What is the hundred thousands digit of 61347667?
3
What is the thousands digit of 30981927?
1
What is the hundred millions digit of 118574211?
1
What is the hundred thousands digit of 405972626?
9
What is the units digit of 18991209?
9
What is the ten millions digit of 89333624?
8
What is the millions digit of 25242272?
5
What is the ten thousands digit of 13930929?
3
What is the millions digit of 1388456291?
8
What is the billions digit of 2287762726?
2
What is the hundred millions digit of 483266478?
4
What is the thousands digit of 7175244502?
4
What is the hundred millions digit of 125831191?
1
What is the hundred thousands digit of 2121840127?
8
What is the millions digit of 5363232990?
3
What is the millions digit of 52338302?
2
What is the hundred millions digit of 347072285?
3
What is the millions digit of 1347354168?
7
What is the millions digit of 1732537169?
2
What is the thousands digit of 450988883?
8
What is the hundreds digit of 117486154?
1
What is the units digit of 3665408840?
0
What is the hundreds digit of 507774449?
4
What is the units digit of 299240101?
1
What is the ten millions digit of 1280175173?
8
What is the ten millions digit of 26604349?
2
What is the thousands digit of 183628189?
8
What is the units digit of 828198526?
6
What is the hundred millions digit of 1058725591?
0
What is the hundred millions digit of 359556740?
3
What is the ten millions digit of 500012980?
0
What is the units digit of 5683144179?
9
What is the ten millions digit of 99711029?
9
What is the units digit of 35957802?
2
What is the hundreds digit of 3235141985?
9
What is the thousands digit of 85440915?
0
What is the ten millions digit of 26063609?
2
What is the ten thousands digit of 88143738?
4
What is the tens digit of 889266577?
7
What is the millions digit of 1643367884?
3
What is the units digit of 5788295?
5
What is the ten millions digit of 541984577?
4
What is the ten millions digit of 110766046?
1
What is the hundred thousands digit of 225409654?
4
What is the ten millions digit of 136362363?
3
What is the thousands digit of 4932955983?
5
What is the hundreds digit of 256069833?
8
What is the hundred millions digit of 653849821?
6
What is the ten thousands digit of 44220772?
2
What is the thousands digit of 41743277?
3
What is the ten millions digit of 771945178?
7
What is the hundred millions digit of 400574269?
4
What is the units digit of 103683074?
4
What is the hundreds digit of 1098734485?
4
What is the ten millions digit of 56134314?
5
What is the units digit of 1287971881?
1
What is the units digit of 567957092?
2
What is the hundred thousands digit of 30595939?
5
What is the billions digit of 4741434640?
4
What is the units digit of 807583327?
7
What is the units digit of 1256098787?
7
What is the millions digit of 5650346991?
0
What is the millions digit of 2962625941?
2
What is the ten millions digit of 40350892?
4
What is the ten millions digit of 3549358145?
4
What is the tens digit of 9508946?
4
What is the millions digit of 1743865460?
3
What is the units digit of 69947140?
0
What is the units digit of 352898585?
5
What is the hundred thousands digit of 1362132266?
1
What is the ten thousands digit of 95875250?
7
What is the tens digit of 135200460?
6
What is the units digit of 28958876?
6
What is the tens digit of 10627759?
5
What is the thousands digit of 11294129?
4
What is the ten millions digit of 111093285?
1
What is the millions digit of 648338618?
8
What is the units digit of 290294677?
7
What is the hundred millions digit of 203387400?
2
What is the ten thousands digit of 287883869?
8
What is the units digit of 1983701314?
4
What is the thousands digit of 123896938?
6
What is the hundred thousands digit of 4598133984?
1
What is the ten thousands digit of 2873720566?
2
What is the ten thousands digit of 55850168?
5
What is the hundred millions digit of 2435405542?
4
What is the tens digit of 2491963172?
7
What is the thousands digit of 22849728?
9
What is the hundred millions digit of 4777103846?
7
Wh